{"id":1628,"date":"2023-06-10T14:51:58","date_gmt":"2023-06-10T12:51:58","guid":{"rendered":"https:\/\/galerielecolibri.fr\/?page_id=1628"},"modified":"2023-06-10T14:58:44","modified_gmt":"2023-06-10T12:58:44","slug":"mentions-legales-2","status":"publish","type":"page","link":"https:\/\/galerielecolibri.fr\/?page_id=1628","title":{"rendered":"Mentions l\u00e9gales"},"content":{"rendered":"\n<h2 class=\"wp-block-heading\">Editeur du site :<\/h2>\n\n\n\n<p>Galerie le Colibri<br>EURL immatricul\u00e9e le 13\/01\/2022 \u00e0 Evry, num\u00e9ro d\u2019immatriculation 909 133 258<br>Adresse : 6, rue Archang\u00e9 \u2013 91400 Orsay<\/p>\n\n\n\n<h2 class=\"wp-block-heading\">Conception<\/h2>\n\n\n\n<p>Ce site a \u00e9t\u00e9 g\u00e9n\u00e9reusement con\u00e7u par C\u00e9line Lory et il est aliment\u00e9 r\u00e9guli\u00e8rement par Amandine Grappin et Christiane Grappin.<br>Un grand merci \u00e0 C\u00e9line Lory et Jean-Jack Mignon pour leur aide pr\u00e9cieuse apport\u00e9e \u00e0 ce site.<\/p>\n\n\n\n<h2 class=\"wp-block-heading\">Content Management System<\/h2>\n\n\n\n<p>WordPress 6.2.2<\/p>\n\n\n\n<h2 class=\"wp-block-heading\">H\u00e9bergeur<\/h2>\n\n\n\n<p>JJMservices<\/p>\n\n\n\n<h2 class=\"wp-block-heading\">Propri\u00e9t\u00e9 intellectuelle<\/h2>\n\n\n\n<p>Les contenus, donn\u00e9es, images du site Galerie le Colibri sont sa pleine propri\u00e9t\u00e9, sont non-contractuels et peuvent \u00e0 tout moment \u00eatre mis \u00e0 jour, modifi\u00e9s ou supprim\u00e9s sans notification pr\u00e9alable ou pr\u00e9avis.<br>Aucun des \u00e9l\u00e9ments provenant du site Galerie le Colibri ne peuvent \u00eatre utilis\u00e9s, copi\u00e9s, reproduits, publi\u00e9s, t\u00e9l\u00e9charg\u00e9s, post\u00e9s sauf pour une utilisation personnelle et non commerciale. Dans ce dernier cas, vous devrez ajouter la mention de la source \u00ab Galerie Le Colibri \u00bb. Pour une utilisation \u00e0 des fins professionnelles ou autres, merci de contacter : contact@galerielecolibri.fr<\/p>\n\n\n\n<h2 class=\"wp-block-heading\">Limitation de responsabilit\u00e9<\/h2>\n\n\n\n<p>L\u2019acc\u00e8s et l\u2019utilisation du site Internet se font sous la responsabilit\u00e9 de l\u2019utilisateur. En aucun cas Galerie Le Colibri n\u2019est tenu pour responsable des probl\u00e8mes directs ou indirects ou subs\u00e9quents rencontr\u00e9s lors de l\u2019utilisation, interruption ou mise \u00e0 jour du site.<\/p>\n\n\n\n<h2 class=\"wp-block-heading\">Confidentialit\u00e9<\/h2>\n\n\n\n<p>Le site galerielecolibri.fr collecte un minimum de donn\u00e9es personnelles de ses utilisateurs pour leur proposer des services notamment sa Newsletter. Le site galerielecolibri.fr s\u2019engage \u00e0 informer l\u2019utilisateur au moment de cette collecte. Galerie Le Colibri s\u2019engage \u00e0 traiter directement ses donn\u00e9es et \u00e0 ne pas les partager ou transf\u00e9rer \u00e0 des tiers.<br>Au regard de l\u2019article 13 du r\u00e8glement (UE) 2016\/679 du Parlement Europ\u00e9en et du Conseil relatif \u00e0 la protection des personnes physiques \u00e0 l\u2019\u00e9gard du traitement des donn\u00e9es \u00e0 caract\u00e8re personnel du 27 avril 2016, nos utilisateurs concern\u00e9s par la diffusion d&rsquo;informations personnelles sur le site disposent d&rsquo;un droit d&rsquo;acc\u00e8s, de modification et de suppression des donn\u00e9es qui les concernent.<br>Pour exercer ce droit, merci d\u2019\u00e9crire \u00e0 contact@galerielecolibri.fr<\/p>\n\n\n\n<h2 class=\"wp-block-heading\">Cookies<\/h2>\n\n\n\n<p>Le site Galerie le Colibri peut utiliser des cookies (petits fichiers de donn\u00e9es ayant pour but de garder des traces de la connexion de l\u2019utilisateur) pour des fonctionnalit\u00e9s essentielles permettant d\u2019am\u00e9liorer l\u2019exp\u00e9rience utilisateur et satisfaire ces derniers avec des services personnalis\u00e9s ou \u00e0 des fins d\u2019analyse de performances de nos pages.<br>Le site galerielecolibri.fr utilise l\u2019extension WordPress de Matomo* analytics (*pr\u00e9conis\u00e9 par la CNIL en conformit\u00e9 avec la RGPD), pour analyser, de mani\u00e8re anonymis\u00e9e, les performances de son site.<\/p>\n","protected":false},"excerpt":{"rendered":"<p>Editeur du site : Galerie le ColibriEURL immatricul\u00e9e le 13\/01\/2022 \u00e0 Evry, num\u00e9ro d\u2019immatriculation 909 133 258Adresse : 6, rue Archang\u00e9 \u2013 [&hellip;]<\/p>\n","protected":false},"author":1,"featured_media":0,"parent":0,"menu_order":0,"comment_status":"closed","ping_status":"closed","template":"","meta":{"footnotes":""},"class_list":{"0":"post-1628","1":"page","2":"type-page","3":"status-publish","5":"col-md-12"},"_links":{"self":[{"href":"https:\/\/galerielecolibri.fr\/index.php?rest_route=\/wp\/v2\/pages\/1628","targetHints":{"allow":["GET"]}}],"collection":[{"href":"https:\/\/galerielecolibri.fr\/index.php?rest_route=\/wp\/v2\/pages"}],"about":[{"href":"https:\/\/galerielecolibri.fr\/index.php?rest_route=\/wp\/v2\/types\/page"}],"author":[{"embeddable":true,"href":"https:\/\/galerielecolibri.fr\/index.php?rest_route=\/wp\/v2\/users\/1"}],"replies":[{"embeddable":true,"href":"https:\/\/galerielecolibri.fr\/index.php?rest_route=%2Fwp%2Fv2%2Fcomments&post=1628"}],"version-history":[{"count":2,"href":"https:\/\/galerielecolibri.fr\/index.php?rest_route=\/wp\/v2\/pages\/1628\/revisions"}],"predecessor-version":[{"id":1631,"href":"https:\/\/galerielecolibri.fr\/index.php?rest_route=\/wp\/v2\/pages\/1628\/revisions\/1631"}],"wp:attachment":[{"href":"https:\/\/galerielecolibri.fr\/index.php?rest_route=%2Fwp%2Fv2%2Fmedia&parent=1628"}],"curies":[{"name":"wp","href":"https:\/\/api.w.org\/{rel}","templated":true}]}}