{"id":2223,"date":"2023-11-18T19:09:24","date_gmt":"2023-11-18T18:09:24","guid":{"rendered":"https:\/\/galerielecolibri.fr\/?page_id=2223"},"modified":"2024-11-19T11:56:25","modified_gmt":"2024-11-19T10:56:25","slug":"raphael-plaisance","status":"publish","type":"page","link":"https:\/\/galerielecolibri.fr\/?page_id=2223","title":{"rendered":"Rapha\u00ebl PLAISANCE"},"content":{"rendered":"<div class=\"wp-block-image\">\n<figure class=\"aligncenter size-large is-resized\"><img loading=\"lazy\" decoding=\"async\" width=\"641\" height=\"1024\" src=\"https:\/\/galerielecolibri.fr\/wp-content\/uploads\/2023\/11\/WhatsApp-Image-2023-11-18-at-16.28.08-641x1024.jpeg\" alt=\"\" class=\"wp-image-2227\" style=\"width:292px;height:auto\" srcset=\"https:\/\/galerielecolibri.fr\/wp-content\/uploads\/2023\/11\/WhatsApp-Image-2023-11-18-at-16.28.08-641x1024.jpeg 641w, https:\/\/galerielecolibri.fr\/wp-content\/uploads\/2023\/11\/WhatsApp-Image-2023-11-18-at-16.28.08-188x300.jpeg 188w, https:\/\/galerielecolibri.fr\/wp-content\/uploads\/2023\/11\/WhatsApp-Image-2023-11-18-at-16.28.08-768x1227.jpeg 768w, https:\/\/galerielecolibri.fr\/wp-content\/uploads\/2023\/11\/WhatsApp-Image-2023-11-18-at-16.28.08-962x1536.jpeg 962w, https:\/\/galerielecolibri.fr\/wp-content\/uploads\/2023\/11\/WhatsApp-Image-2023-11-18-at-16.28.08-900x1438.jpeg 900w, https:\/\/galerielecolibri.fr\/wp-content\/uploads\/2023\/11\/WhatsApp-Image-2023-11-18-at-16.28.08-500x799.jpeg 500w, https:\/\/galerielecolibri.fr\/wp-content\/uploads\/2023\/11\/WhatsApp-Image-2023-11-18-at-16.28.08.jpeg 1282w\" sizes=\"auto, (max-width: 641px) 100vw, 641px\" \/><\/figure>\n<\/div>\n\n\n<p>Rapha\u00ebl Plaisance&nbsp;est sculpteur et peintre fran\u00e7ais.&nbsp;Apr\u00e8s des \u00e9tudes d\u2019architecture et des cours aux Beaux-Arts de la ville de Paris, il d\u00e9bute sa carri\u00e8re comme dessinateur en architecture. Apr\u00e8s des rencontres avec des artistes majeurs tels que C\u00e9sar, Philolaos, Rudolf Kundera, il commence \u00e0 cr\u00e9er sous leur influence. En f\u00e9vrier 2023, il expose au Salon des Artistes Fran\u00e7ais au Grand Palais Eph\u00e9m\u00e8re.&nbsp;<\/p>\n\n\n\n<p>L&rsquo;exposition qui se tient au Colibri est le moment de d\u00e9couvrir ou red\u00e9couvrir ses sculptures, mais aussi quelques tableaux moins connus.<\/p>\n\n\n\n<p> Pi\u00e8ces en acier ou en bois, s\u2019inspirant du monde v\u00e9g\u00e9tal, les sculptures de Raphael Plaisance vous emm\u00e8nent vers un univers de cr\u00e9ation totalement unique. Ses peintures, figuratives \u00e0 l&rsquo;inverse, ouvrent vers un monde actuel plein de sensibilit\u00e9. <\/p>\n\n\n\n<p><\/p>\n\n\n\n<figure class=\"wp-block-gallery has-nested-images columns-default is-cropped wp-block-gallery-1 is-layout-flex wp-block-gallery-is-layout-flex\">\n<figure class=\"wp-block-image size-large\"><img loading=\"lazy\" decoding=\"async\" width=\"818\" height=\"1024\" data-id=\"2382\" src=\"https:\/\/galerielecolibri.fr\/wp-content\/uploads\/2023\/12\/IMG_0521-818x1024.jpeg\" alt=\"\" class=\"wp-image-2382\" srcset=\"https:\/\/galerielecolibri.fr\/wp-content\/uploads\/2023\/12\/IMG_0521-818x1024.jpeg 818w, https:\/\/galerielecolibri.fr\/wp-content\/uploads\/2023\/12\/IMG_0521-240x300.jpeg 240w, https:\/\/galerielecolibri.fr\/wp-content\/uploads\/2023\/12\/IMG_0521-768x962.jpeg 768w, https:\/\/galerielecolibri.fr\/wp-content\/uploads\/2023\/12\/IMG_0521-1226x1536.jpeg 1226w, https:\/\/galerielecolibri.fr\/wp-content\/uploads\/2023\/12\/IMG_0521-1635x2048.jpeg 1635w, https:\/\/galerielecolibri.fr\/wp-content\/uploads\/2023\/12\/IMG_0521-900x1127.jpeg 900w, https:\/\/galerielecolibri.fr\/wp-content\/uploads\/2023\/12\/IMG_0521-500x626.jpeg 500w, https:\/\/galerielecolibri.fr\/wp-content\/uploads\/2023\/12\/IMG_0521-scaled.jpeg 2044w\" sizes=\"auto, (max-width: 818px) 100vw, 818px\" \/><figcaption class=\"wp-element-caption\">La Pomme, 81\/100, huile sur toile Vendu<\/figcaption><\/figure>\n\n\n\n<figure class=\"wp-block-image size-large\"><img loading=\"lazy\" decoding=\"async\" width=\"817\" height=\"1024\" data-id=\"2378\" src=\"https:\/\/galerielecolibri.fr\/wp-content\/uploads\/2023\/12\/IMG_0522-817x1024.jpeg\" alt=\"\" class=\"wp-image-2378\" srcset=\"https:\/\/galerielecolibri.fr\/wp-content\/uploads\/2023\/12\/IMG_0522-817x1024.jpeg 817w, https:\/\/galerielecolibri.fr\/wp-content\/uploads\/2023\/12\/IMG_0522-239x300.jpeg 239w, https:\/\/galerielecolibri.fr\/wp-content\/uploads\/2023\/12\/IMG_0522-768x962.jpeg 768w, https:\/\/galerielecolibri.fr\/wp-content\/uploads\/2023\/12\/IMG_0522-1226x1536.jpeg 1226w, https:\/\/galerielecolibri.fr\/wp-content\/uploads\/2023\/12\/IMG_0522-1634x2048.jpeg 1634w, https:\/\/galerielecolibri.fr\/wp-content\/uploads\/2023\/12\/IMG_0522-900x1128.jpeg 900w, https:\/\/galerielecolibri.fr\/wp-content\/uploads\/2023\/12\/IMG_0522-500x627.jpeg 500w, https:\/\/galerielecolibri.fr\/wp-content\/uploads\/2023\/12\/IMG_0522-scaled.jpeg 2043w\" sizes=\"auto, (max-width: 817px) 100vw, 817px\" \/><\/figure>\n<\/figure>\n\n\n\n<figure class=\"wp-block-gallery has-nested-images columns-default is-cropped wp-block-gallery-2 is-layout-flex wp-block-gallery-is-layout-flex\">\n<figure class=\"wp-block-image size-large\"><img loading=\"lazy\" decoding=\"async\" width=\"1024\" height=\"750\" data-id=\"2380\" src=\"https:\/\/galerielecolibri.fr\/wp-content\/uploads\/2023\/12\/IMG_0523-1-1024x750.jpeg\" alt=\"\" class=\"wp-image-2380\" srcset=\"https:\/\/galerielecolibri.fr\/wp-content\/uploads\/2023\/12\/IMG_0523-1-1024x750.jpeg 1024w, https:\/\/galerielecolibri.fr\/wp-content\/uploads\/2023\/12\/IMG_0523-1-300x220.jpeg 300w, https:\/\/galerielecolibri.fr\/wp-content\/uploads\/2023\/12\/IMG_0523-1-768x562.jpeg 768w, https:\/\/galerielecolibri.fr\/wp-content\/uploads\/2023\/12\/IMG_0523-1-1536x1124.jpeg 1536w, https:\/\/galerielecolibri.fr\/wp-content\/uploads\/2023\/12\/IMG_0523-1-2048x1499.jpeg 2048w, https:\/\/galerielecolibri.fr\/wp-content\/uploads\/2023\/12\/IMG_0523-1-900x659.jpeg 900w, https:\/\/galerielecolibri.fr\/wp-content\/uploads\/2023\/12\/IMG_0523-1-500x366.jpeg 500w\" sizes=\"auto, (max-width: 1024px) 100vw, 1024px\" \/><\/figure>\n\n\n\n<figure class=\"wp-block-image size-large\"><img loading=\"lazy\" decoding=\"async\" width=\"969\" height=\"1024\" data-id=\"2384\" src=\"https:\/\/galerielecolibri.fr\/wp-content\/uploads\/2023\/12\/IMG_0523-969x1024.jpeg\" alt=\"\" class=\"wp-image-2384\" srcset=\"https:\/\/galerielecolibri.fr\/wp-content\/uploads\/2023\/12\/IMG_0523-969x1024.jpeg 969w, https:\/\/galerielecolibri.fr\/wp-content\/uploads\/2023\/12\/IMG_0523-284x300.jpeg 284w, https:\/\/galerielecolibri.fr\/wp-content\/uploads\/2023\/12\/IMG_0523-768x811.jpeg 768w, https:\/\/galerielecolibri.fr\/wp-content\/uploads\/2023\/12\/IMG_0523-1454x1536.jpeg 1454w, https:\/\/galerielecolibri.fr\/wp-content\/uploads\/2023\/12\/IMG_0523-1939x2048.jpeg 1939w, https:\/\/galerielecolibri.fr\/wp-content\/uploads\/2023\/12\/IMG_0523-900x951.jpeg 900w, https:\/\/galerielecolibri.fr\/wp-content\/uploads\/2023\/12\/IMG_0523-500x528.jpeg 500w\" sizes=\"auto, (max-width: 969px) 100vw, 969px\" \/><figcaption class=\"wp-element-caption\">Portrait 33\/25, Huile sur toile, 210\u20ac<\/figcaption><\/figure>\n<\/figure>\n\n\n\n<figure class=\"wp-block-gallery has-nested-images columns-default is-cropped wp-block-gallery-3 is-layout-flex wp-block-gallery-is-layout-flex\"><\/figure>\n\n\n\n<figure class=\"wp-block-gallery has-nested-images columns-default is-cropped wp-block-gallery-4 is-layout-flex wp-block-gallery-is-layout-flex\"><\/figure>\n\n\n\n<figure class=\"wp-block-gallery has-nested-images columns-default is-cropped wp-block-gallery-5 is-layout-flex wp-block-gallery-is-layout-flex\">\n<figure class=\"wp-block-image size-large\"><img loading=\"lazy\" decoding=\"async\" width=\"759\" height=\"1024\" data-id=\"2339\" src=\"https:\/\/galerielecolibri.fr\/wp-content\/uploads\/2023\/12\/Fruitier1-copie-2-759x1024.jpg\" alt=\"\" class=\"wp-image-2339\" srcset=\"https:\/\/galerielecolibri.fr\/wp-content\/uploads\/2023\/12\/Fruitier1-copie-2-759x1024.jpg 759w, https:\/\/galerielecolibri.fr\/wp-content\/uploads\/2023\/12\/Fruitier1-copie-2-222x300.jpg 222w, https:\/\/galerielecolibri.fr\/wp-content\/uploads\/2023\/12\/Fruitier1-copie-2-768x1036.jpg 768w, https:\/\/galerielecolibri.fr\/wp-content\/uploads\/2023\/12\/Fruitier1-copie-2-1139x1536.jpg 1139w, https:\/\/galerielecolibri.fr\/wp-content\/uploads\/2023\/12\/Fruitier1-copie-2-1519x2048.jpg 1519w, https:\/\/galerielecolibri.fr\/wp-content\/uploads\/2023\/12\/Fruitier1-copie-2-900x1214.jpg 900w, https:\/\/galerielecolibri.fr\/wp-content\/uploads\/2023\/12\/Fruitier1-copie-2-500x674.jpg 500w, https:\/\/galerielecolibri.fr\/wp-content\/uploads\/2023\/12\/Fruitier1-copie-2.jpg 1747w\" sizes=\"auto, (max-width: 759px) 100vw, 759px\" \/><figcaption class=\"wp-element-caption\">Fruitier 1, sculpture acier<\/figcaption><\/figure>\n\n\n\n<figure class=\"wp-block-image size-large\"><img loading=\"lazy\" decoding=\"async\" width=\"1024\" height=\"1024\" data-id=\"2349\" src=\"https:\/\/galerielecolibri.fr\/wp-content\/uploads\/2023\/12\/Pin-noir-26b-1024x1024.jpg\" alt=\"\" class=\"wp-image-2349\" srcset=\"https:\/\/galerielecolibri.fr\/wp-content\/uploads\/2023\/12\/Pin-noir-26b-1024x1024.jpg 1024w, https:\/\/galerielecolibri.fr\/wp-content\/uploads\/2023\/12\/Pin-noir-26b-300x300.jpg 300w, https:\/\/galerielecolibri.fr\/wp-content\/uploads\/2023\/12\/Pin-noir-26b-150x150.jpg 150w, https:\/\/galerielecolibri.fr\/wp-content\/uploads\/2023\/12\/Pin-noir-26b-768x768.jpg 768w, https:\/\/galerielecolibri.fr\/wp-content\/uploads\/2023\/12\/Pin-noir-26b-1536x1536.jpg 1536w, https:\/\/galerielecolibri.fr\/wp-content\/uploads\/2023\/12\/Pin-noir-26b-2048x2048.jpg 2048w, https:\/\/galerielecolibri.fr\/wp-content\/uploads\/2023\/12\/Pin-noir-26b-900x900.jpg 900w, https:\/\/galerielecolibri.fr\/wp-content\/uploads\/2023\/12\/Pin-noir-26b-500x500.jpg 500w\" sizes=\"auto, (max-width: 1024px) 100vw, 1024px\" \/><figcaption class=\"wp-element-caption\">Pin noir 26, sculpture bois <\/figcaption><\/figure>\n\n\n\n<figure class=\"wp-block-image size-large\"><img loading=\"lazy\" decoding=\"async\" width=\"827\" height=\"1024\" data-id=\"2247\" src=\"https:\/\/galerielecolibri.fr\/wp-content\/uploads\/2023\/11\/Fruitier-2-827x1024.jpg\" alt=\"\" class=\"wp-image-2247\" srcset=\"https:\/\/galerielecolibri.fr\/wp-content\/uploads\/2023\/11\/Fruitier-2-827x1024.jpg 827w, https:\/\/galerielecolibri.fr\/wp-content\/uploads\/2023\/11\/Fruitier-2-242x300.jpg 242w, https:\/\/galerielecolibri.fr\/wp-content\/uploads\/2023\/11\/Fruitier-2-768x951.jpg 768w, https:\/\/galerielecolibri.fr\/wp-content\/uploads\/2023\/11\/Fruitier-2-1240x1536.jpg 1240w, https:\/\/galerielecolibri.fr\/wp-content\/uploads\/2023\/11\/Fruitier-2-900x1115.jpg 900w, https:\/\/galerielecolibri.fr\/wp-content\/uploads\/2023\/11\/Fruitier-2-500x619.jpg 500w, https:\/\/galerielecolibri.fr\/wp-content\/uploads\/2023\/11\/Fruitier-2.jpg 1552w\" sizes=\"auto, (max-width: 827px) 100vw, 827px\" \/><figcaption class=\"wp-element-caption\">Fruitier 2, sculpture acier<\/figcaption><\/figure>\n<\/figure>\n\n\n\n<figure class=\"wp-block-gallery has-nested-images columns-default is-cropped wp-block-gallery-6 is-layout-flex wp-block-gallery-is-layout-flex\"><\/figure>\n\n\n\n<figure class=\"wp-block-gallery has-nested-images columns-default is-cropped wp-block-gallery-7 is-layout-flex wp-block-gallery-is-layout-flex\">\n<figure class=\"wp-block-image size-large\"><img loading=\"lazy\" decoding=\"async\" width=\"1024\" height=\"1024\" data-id=\"2240\" src=\"https:\/\/galerielecolibri.fr\/wp-content\/uploads\/2023\/11\/Pin-noir-13-1024x1024.jpg\" alt=\"\" class=\"wp-image-2240\" srcset=\"https:\/\/galerielecolibri.fr\/wp-content\/uploads\/2023\/11\/Pin-noir-13-1024x1024.jpg 1024w, https:\/\/galerielecolibri.fr\/wp-content\/uploads\/2023\/11\/Pin-noir-13-300x300.jpg 300w, https:\/\/galerielecolibri.fr\/wp-content\/uploads\/2023\/11\/Pin-noir-13-150x150.jpg 150w, https:\/\/galerielecolibri.fr\/wp-content\/uploads\/2023\/11\/Pin-noir-13-768x768.jpg 768w, https:\/\/galerielecolibri.fr\/wp-content\/uploads\/2023\/11\/Pin-noir-13-1536x1536.jpg 1536w, https:\/\/galerielecolibri.fr\/wp-content\/uploads\/2023\/11\/Pin-noir-13-2048x2048.jpg 2048w, https:\/\/galerielecolibri.fr\/wp-content\/uploads\/2023\/11\/Pin-noir-13-900x900.jpg 900w, https:\/\/galerielecolibri.fr\/wp-content\/uploads\/2023\/11\/Pin-noir-13-500x500.jpg 500w\" sizes=\"auto, (max-width: 1024px) 100vw, 1024px\" \/><figcaption class=\"wp-element-caption\">Pin noir 13, bois<\/figcaption><\/figure>\n\n\n\n<figure class=\"wp-block-image size-large\"><img loading=\"lazy\" decoding=\"async\" width=\"819\" height=\"1024\" data-id=\"2242\" src=\"https:\/\/galerielecolibri.fr\/wp-content\/uploads\/2023\/11\/Clou4-819x1024.jpg\" alt=\"\" class=\"wp-image-2242\" srcset=\"https:\/\/galerielecolibri.fr\/wp-content\/uploads\/2023\/11\/Clou4-819x1024.jpg 819w, https:\/\/galerielecolibri.fr\/wp-content\/uploads\/2023\/11\/Clou4-240x300.jpg 240w, https:\/\/galerielecolibri.fr\/wp-content\/uploads\/2023\/11\/Clou4-768x960.jpg 768w, https:\/\/galerielecolibri.fr\/wp-content\/uploads\/2023\/11\/Clou4-1229x1536.jpg 1229w, https:\/\/galerielecolibri.fr\/wp-content\/uploads\/2023\/11\/Clou4-1639x2048.jpg 1639w, https:\/\/galerielecolibri.fr\/wp-content\/uploads\/2023\/11\/Clou4-900x1125.jpg 900w, https:\/\/galerielecolibri.fr\/wp-content\/uploads\/2023\/11\/Clou4-500x625.jpg 500w, https:\/\/galerielecolibri.fr\/wp-content\/uploads\/2023\/11\/Clou4-scaled.jpg 2048w\" sizes=\"auto, (max-width: 819px) 100vw, 819px\" \/><figcaption class=\"wp-element-caption\">Clou<\/figcaption><\/figure>\n\n\n\n<figure class=\"wp-block-image size-large\"><img loading=\"lazy\" decoding=\"async\" width=\"1024\" height=\"976\" data-id=\"2289\" src=\"https:\/\/galerielecolibri.fr\/wp-content\/uploads\/2023\/12\/Pin-noir-22-copie-2-1024x976.jpg\" alt=\"\" class=\"wp-image-2289\" srcset=\"https:\/\/galerielecolibri.fr\/wp-content\/uploads\/2023\/12\/Pin-noir-22-copie-2-1024x976.jpg 1024w, https:\/\/galerielecolibri.fr\/wp-content\/uploads\/2023\/12\/Pin-noir-22-copie-2-300x286.jpg 300w, https:\/\/galerielecolibri.fr\/wp-content\/uploads\/2023\/12\/Pin-noir-22-copie-2-768x732.jpg 768w, https:\/\/galerielecolibri.fr\/wp-content\/uploads\/2023\/12\/Pin-noir-22-copie-2-1536x1463.jpg 1536w, https:\/\/galerielecolibri.fr\/wp-content\/uploads\/2023\/12\/Pin-noir-22-copie-2-2048x1951.jpg 2048w, https:\/\/galerielecolibri.fr\/wp-content\/uploads\/2023\/12\/Pin-noir-22-copie-2-900x857.jpg 900w, https:\/\/galerielecolibri.fr\/wp-content\/uploads\/2023\/12\/Pin-noir-22-copie-2-500x476.jpg 500w\" sizes=\"auto, (max-width: 1024px) 100vw, 1024px\" \/><figcaption class=\"wp-element-caption\">Pin noir 22, bois<\/figcaption><\/figure>\n<\/figure>\n\n\n\n<figure class=\"wp-block-gallery has-nested-images columns-default is-cropped wp-block-gallery-8 is-layout-flex wp-block-gallery-is-layout-flex\"><\/figure>\n\n\n\n<figure class=\"wp-block-gallery has-nested-images columns-default is-cropped wp-block-gallery-9 is-layout-flex wp-block-gallery-is-layout-flex\">\n<figure class=\"wp-block-image size-large\"><img loading=\"lazy\" decoding=\"async\" width=\"1024\" height=\"1024\" data-id=\"2237\" src=\"https:\/\/galerielecolibri.fr\/wp-content\/uploads\/2023\/11\/Pin-noir-21-1024x1024.jpg\" alt=\"\" class=\"wp-image-2237\" srcset=\"https:\/\/galerielecolibri.fr\/wp-content\/uploads\/2023\/11\/Pin-noir-21-1024x1024.jpg 1024w, https:\/\/galerielecolibri.fr\/wp-content\/uploads\/2023\/11\/Pin-noir-21-300x300.jpg 300w, https:\/\/galerielecolibri.fr\/wp-content\/uploads\/2023\/11\/Pin-noir-21-150x150.jpg 150w, https:\/\/galerielecolibri.fr\/wp-content\/uploads\/2023\/11\/Pin-noir-21-768x768.jpg 768w, https:\/\/galerielecolibri.fr\/wp-content\/uploads\/2023\/11\/Pin-noir-21-1536x1536.jpg 1536w, https:\/\/galerielecolibri.fr\/wp-content\/uploads\/2023\/11\/Pin-noir-21-2048x2048.jpg 2048w, https:\/\/galerielecolibri.fr\/wp-content\/uploads\/2023\/11\/Pin-noir-21-900x900.jpg 900w, https:\/\/galerielecolibri.fr\/wp-content\/uploads\/2023\/11\/Pin-noir-21-500x500.jpg 500w\" sizes=\"auto, (max-width: 1024px) 100vw, 1024px\" \/><figcaption class=\"wp-element-caption\">Pin noir 21, bois<\/figcaption><\/figure>\n\n\n\n<figure class=\"wp-block-image size-large\"><img loading=\"lazy\" decoding=\"async\" width=\"587\" height=\"1024\" data-id=\"2282\" src=\"https:\/\/galerielecolibri.fr\/wp-content\/uploads\/2023\/12\/Pin-noir-11-587x1024.jpg\" alt=\"\" class=\"wp-image-2282\" srcset=\"https:\/\/galerielecolibri.fr\/wp-content\/uploads\/2023\/12\/Pin-noir-11-587x1024.jpg 587w, https:\/\/galerielecolibri.fr\/wp-content\/uploads\/2023\/12\/Pin-noir-11-172x300.jpg 172w, https:\/\/galerielecolibri.fr\/wp-content\/uploads\/2023\/12\/Pin-noir-11-768x1340.jpg 768w, https:\/\/galerielecolibri.fr\/wp-content\/uploads\/2023\/12\/Pin-noir-11-881x1536.jpg 881w, https:\/\/galerielecolibri.fr\/wp-content\/uploads\/2023\/12\/Pin-noir-11-1174x2048.jpg 1174w, https:\/\/galerielecolibri.fr\/wp-content\/uploads\/2023\/12\/Pin-noir-11-900x1570.jpg 900w, https:\/\/galerielecolibri.fr\/wp-content\/uploads\/2023\/12\/Pin-noir-11-500x872.jpg 500w, https:\/\/galerielecolibri.fr\/wp-content\/uploads\/2023\/12\/Pin-noir-11-scaled.jpg 1468w\" sizes=\"auto, (max-width: 587px) 100vw, 587px\" \/><figcaption class=\"wp-element-caption\">Pin noir 11, sculpture d&rsquo;ext\u00e9rieur, bois<\/figcaption><\/figure>\n\n\n\n<figure class=\"wp-block-image size-large\"><img loading=\"lazy\" decoding=\"async\" width=\"1024\" height=\"1024\" data-id=\"2238\" src=\"https:\/\/galerielecolibri.fr\/wp-content\/uploads\/2023\/11\/Pin-noir-16-1024x1024.jpg\" alt=\"\" class=\"wp-image-2238\" srcset=\"https:\/\/galerielecolibri.fr\/wp-content\/uploads\/2023\/11\/Pin-noir-16-1024x1024.jpg 1024w, https:\/\/galerielecolibri.fr\/wp-content\/uploads\/2023\/11\/Pin-noir-16-300x300.jpg 300w, https:\/\/galerielecolibri.fr\/wp-content\/uploads\/2023\/11\/Pin-noir-16-150x150.jpg 150w, https:\/\/galerielecolibri.fr\/wp-content\/uploads\/2023\/11\/Pin-noir-16-768x768.jpg 768w, https:\/\/galerielecolibri.fr\/wp-content\/uploads\/2023\/11\/Pin-noir-16-1536x1536.jpg 1536w, https:\/\/galerielecolibri.fr\/wp-content\/uploads\/2023\/11\/Pin-noir-16-2048x2048.jpg 2048w, https:\/\/galerielecolibri.fr\/wp-content\/uploads\/2023\/11\/Pin-noir-16-900x900.jpg 900w, https:\/\/galerielecolibri.fr\/wp-content\/uploads\/2023\/11\/Pin-noir-16-500x500.jpg 500w\" sizes=\"auto, (max-width: 1024px) 100vw, 1024px\" \/><figcaption class=\"wp-element-caption\">Pin noir 16, bois<\/figcaption><\/figure>\n<\/figure>\n\n\n\n<figure class=\"wp-block-gallery has-nested-images columns-default is-cropped wp-block-gallery-10 is-layout-flex wp-block-gallery-is-layout-flex\">\n<figure class=\"wp-block-image size-large\"><img loading=\"lazy\" decoding=\"async\" width=\"869\" height=\"1024\" data-id=\"2383\" src=\"https:\/\/galerielecolibri.fr\/wp-content\/uploads\/2023\/12\/IMG_0524-869x1024.jpeg\" alt=\"\" class=\"wp-image-2383\" srcset=\"https:\/\/galerielecolibri.fr\/wp-content\/uploads\/2023\/12\/IMG_0524-869x1024.jpeg 869w, https:\/\/galerielecolibri.fr\/wp-content\/uploads\/2023\/12\/IMG_0524-255x300.jpeg 255w, https:\/\/galerielecolibri.fr\/wp-content\/uploads\/2023\/12\/IMG_0524-768x905.jpeg 768w, https:\/\/galerielecolibri.fr\/wp-content\/uploads\/2023\/12\/IMG_0524-1304x1536.jpeg 1304w, https:\/\/galerielecolibri.fr\/wp-content\/uploads\/2023\/12\/IMG_0524-1738x2048.jpeg 1738w, https:\/\/galerielecolibri.fr\/wp-content\/uploads\/2023\/12\/IMG_0524-900x1060.jpeg 900w, https:\/\/galerielecolibri.fr\/wp-content\/uploads\/2023\/12\/IMG_0524-500x589.jpeg 500w\" sizes=\"auto, (max-width: 869px) 100vw, 869px\" \/><figcaption class=\"wp-element-caption\">Portrait 33\/25, Huile sur toile, vendu<\/figcaption><\/figure>\n\n\n\n<figure class=\"wp-block-image size-large\"><img loading=\"lazy\" decoding=\"async\" width=\"1024\" height=\"737\" data-id=\"2381\" src=\"https:\/\/galerielecolibri.fr\/wp-content\/uploads\/2023\/12\/IMG_0524-1-1024x737.jpeg\" alt=\"\" class=\"wp-image-2381\" srcset=\"https:\/\/galerielecolibri.fr\/wp-content\/uploads\/2023\/12\/IMG_0524-1-1024x737.jpeg 1024w, https:\/\/galerielecolibri.fr\/wp-content\/uploads\/2023\/12\/IMG_0524-1-300x216.jpeg 300w, https:\/\/galerielecolibri.fr\/wp-content\/uploads\/2023\/12\/IMG_0524-1-768x553.jpeg 768w, https:\/\/galerielecolibri.fr\/wp-content\/uploads\/2023\/12\/IMG_0524-1-1536x1106.jpeg 1536w, https:\/\/galerielecolibri.fr\/wp-content\/uploads\/2023\/12\/IMG_0524-1-2048x1474.jpeg 2048w, https:\/\/galerielecolibri.fr\/wp-content\/uploads\/2023\/12\/IMG_0524-1-900x648.jpeg 900w, https:\/\/galerielecolibri.fr\/wp-content\/uploads\/2023\/12\/IMG_0524-1-500x360.jpeg 500w\" sizes=\"auto, (max-width: 1024px) 100vw, 1024px\" \/><\/figure>\n<\/figure>\n\n\n<div class=\"wp-block-image\">\n<figure class=\"aligncenter size-large is-resized\"><img loading=\"lazy\" decoding=\"async\" width=\"1024\" height=\"819\" src=\"https:\/\/galerielecolibri.fr\/wp-content\/uploads\/2023\/12\/Black-Flag-2-1024x819.jpg\" alt=\"\" class=\"wp-image-2281\" style=\"width:840px;height:auto\" srcset=\"https:\/\/galerielecolibri.fr\/wp-content\/uploads\/2023\/12\/Black-Flag-2-1024x819.jpg 1024w, https:\/\/galerielecolibri.fr\/wp-content\/uploads\/2023\/12\/Black-Flag-2-300x240.jpg 300w, https:\/\/galerielecolibri.fr\/wp-content\/uploads\/2023\/12\/Black-Flag-2-768x615.jpg 768w, https:\/\/galerielecolibri.fr\/wp-content\/uploads\/2023\/12\/Black-Flag-2-1536x1229.jpg 1536w, https:\/\/galerielecolibri.fr\/wp-content\/uploads\/2023\/12\/Black-Flag-2-2048x1639.jpg 2048w, https:\/\/galerielecolibri.fr\/wp-content\/uploads\/2023\/12\/Black-Flag-2-900x720.jpg 900w, https:\/\/galerielecolibri.fr\/wp-content\/uploads\/2023\/12\/Black-Flag-2-500x400.jpg 500w\" sizes=\"auto, (max-width: 1024px) 100vw, 1024px\" \/><figcaption class=\"wp-element-caption\">Black Flag 2<\/figcaption><\/figure>\n<\/div>\n\n\n<figure class=\"wp-block-gallery has-nested-images columns-default is-cropped wp-block-gallery-11 is-layout-flex wp-block-gallery-is-layout-flex\">\n<figure class=\"wp-block-image size-large\"><img loading=\"lazy\" decoding=\"async\" width=\"1024\" height=\"1024\" data-id=\"2239\" src=\"https:\/\/galerielecolibri.fr\/wp-content\/uploads\/2023\/11\/Pin-noir-14-1024x1024.jpg\" alt=\"\" class=\"wp-image-2239\" srcset=\"https:\/\/galerielecolibri.fr\/wp-content\/uploads\/2023\/11\/Pin-noir-14-1024x1024.jpg 1024w, https:\/\/galerielecolibri.fr\/wp-content\/uploads\/2023\/11\/Pin-noir-14-300x300.jpg 300w, https:\/\/galerielecolibri.fr\/wp-content\/uploads\/2023\/11\/Pin-noir-14-150x150.jpg 150w, https:\/\/galerielecolibri.fr\/wp-content\/uploads\/2023\/11\/Pin-noir-14-768x768.jpg 768w, https:\/\/galerielecolibri.fr\/wp-content\/uploads\/2023\/11\/Pin-noir-14-1536x1536.jpg 1536w, https:\/\/galerielecolibri.fr\/wp-content\/uploads\/2023\/11\/Pin-noir-14-2048x2048.jpg 2048w, https:\/\/galerielecolibri.fr\/wp-content\/uploads\/2023\/11\/Pin-noir-14-900x900.jpg 900w, https:\/\/galerielecolibri.fr\/wp-content\/uploads\/2023\/11\/Pin-noir-14-500x500.jpg 500w\" sizes=\"auto, (max-width: 1024px) 100vw, 1024px\" \/><figcaption class=\"wp-element-caption\">Pin noir 14, sculpture bois<\/figcaption><\/figure>\n\n\n\n<figure class=\"wp-block-image size-large\"><img loading=\"lazy\" decoding=\"async\" width=\"1024\" height=\"1024\" data-id=\"2235\" src=\"https:\/\/galerielecolibri.fr\/wp-content\/uploads\/2023\/11\/Pirate-1024x1024.jpg\" alt=\"\" class=\"wp-image-2235\" srcset=\"https:\/\/galerielecolibri.fr\/wp-content\/uploads\/2023\/11\/Pirate-1024x1024.jpg 1024w, https:\/\/galerielecolibri.fr\/wp-content\/uploads\/2023\/11\/Pirate-300x300.jpg 300w, https:\/\/galerielecolibri.fr\/wp-content\/uploads\/2023\/11\/Pirate-150x150.jpg 150w, https:\/\/galerielecolibri.fr\/wp-content\/uploads\/2023\/11\/Pirate-768x768.jpg 768w, https:\/\/galerielecolibri.fr\/wp-content\/uploads\/2023\/11\/Pirate-1536x1536.jpg 1536w, https:\/\/galerielecolibri.fr\/wp-content\/uploads\/2023\/11\/Pirate-2048x2048.jpg 2048w, https:\/\/galerielecolibri.fr\/wp-content\/uploads\/2023\/11\/Pirate-900x900.jpg 900w, https:\/\/galerielecolibri.fr\/wp-content\/uploads\/2023\/11\/Pirate-500x500.jpg 500w\" sizes=\"auto, (max-width: 1024px) 100vw, 1024px\" \/><figcaption class=\"wp-element-caption\">Pirate, sculpture bois<\/figcaption><\/figure>\n<\/figure>\n","protected":false},"excerpt":{"rendered":"<p>Rapha\u00ebl Plaisance&nbsp;est sculpteur et peintre fran\u00e7ais.&nbsp;Apr\u00e8s des \u00e9tudes d\u2019architecture et des cours aux Beaux-Arts de la ville de Paris, il d\u00e9bute sa [&hellip;]<\/p>\n","protected":false},"author":1,"featured_media":0,"parent":0,"menu_order":0,"comment_status":"closed","ping_status":"closed","template":"","meta":{"footnotes":""},"class_list":{"0":"post-2223","1":"page","2":"type-page","3":"status-publish","5":"col-md-12"},"_links":{"self":[{"href":"https:\/\/galerielecolibri.fr\/index.php?rest_route=\/wp\/v2\/pages\/2223","targetHints":{"allow":["GET"]}}],"collection":[{"href":"https:\/\/galerielecolibri.fr\/index.php?rest_route=\/wp\/v2\/pages"}],"about":[{"href":"https:\/\/galerielecolibri.fr\/index.php?rest_route=\/wp\/v2\/types\/page"}],"author":[{"embeddable":true,"href":"https:\/\/galerielecolibri.fr\/index.php?rest_route=\/wp\/v2\/users\/1"}],"replies":[{"embeddable":true,"href":"https:\/\/galerielecolibri.fr\/index.php?rest_route=%2Fwp%2Fv2%2Fcomments&post=2223"}],"version-history":[{"count":26,"href":"https:\/\/galerielecolibri.fr\/index.php?rest_route=\/wp\/v2\/pages\/2223\/revisions"}],"predecessor-version":[{"id":3184,"href":"https:\/\/galerielecolibri.fr\/index.php?rest_route=\/wp\/v2\/pages\/2223\/revisions\/3184"}],"wp:attachment":[{"href":"https:\/\/galerielecolibri.fr\/index.php?rest_route=%2Fwp%2Fv2%2Fmedia&parent=2223"}],"curies":[{"name":"wp","href":"https:\/\/api.w.org\/{rel}","templated":true}]}}