{"id":725,"date":"2022-12-02T18:36:20","date_gmt":"2022-12-02T17:36:20","guid":{"rendered":"https:\/\/galerielecolibri.fr\/?page_id=725"},"modified":"2024-11-19T12:08:22","modified_gmt":"2024-11-19T11:08:22","slug":"kiriaki-moustaki","status":"publish","type":"page","link":"https:\/\/galerielecolibri.fr\/?page_id=725","title":{"rendered":"Kyriaki Moustaki"},"content":{"rendered":"<div class=\"wp-block-image\">\n<figure class=\"aligncenter size-full is-resized\"><img loading=\"lazy\" decoding=\"async\" width=\"673\" height=\"807\" src=\"https:\/\/galerielecolibri.fr\/wp-content\/uploads\/2023\/04\/58c2871b-7ba2-406e-9294-073e8db24482.jpg\" alt=\"\" class=\"wp-image-1401\" style=\"width:236px;height:283px\" srcset=\"https:\/\/galerielecolibri.fr\/wp-content\/uploads\/2023\/04\/58c2871b-7ba2-406e-9294-073e8db24482.jpg 673w, https:\/\/galerielecolibri.fr\/wp-content\/uploads\/2023\/04\/58c2871b-7ba2-406e-9294-073e8db24482-250x300.jpg 250w, https:\/\/galerielecolibri.fr\/wp-content\/uploads\/2023\/04\/58c2871b-7ba2-406e-9294-073e8db24482-500x600.jpg 500w\" sizes=\"auto, (max-width: 673px) 100vw, 673px\" \/><\/figure>\n<\/div>\n\n\n<p>C\u00e9ramiste native de l\u2019\u00eele de Naxos en Gr\u00e8ce, install\u00e9e depuis plusieurs ann\u00e9es \u00e0 Vallauris, la cit\u00e9 des potiers, elle \u00e9voque dans ses cr\u00e9ations  la m\u00e9moire des siens, les l\u00e9gendes grecques, les animaux comme des repr\u00e9sentations symboliques fortes. <\/p>\n\n\n\n<figure class=\"wp-block-gallery has-nested-images columns-default is-cropped wp-block-gallery-1 is-layout-flex wp-block-gallery-is-layout-flex\">\n<figure class=\"wp-block-image size-large\"><img loading=\"lazy\" decoding=\"async\" width=\"768\" height=\"1024\" data-id=\"2610\" src=\"https:\/\/galerielecolibri.fr\/wp-content\/uploads\/2024\/02\/41F0BE52-1BB6-4201-A506-DBF524CCF50FIMG_2034-768x1024.jpg\" alt=\"\" class=\"wp-image-2610\" srcset=\"https:\/\/galerielecolibri.fr\/wp-content\/uploads\/2024\/02\/41F0BE52-1BB6-4201-A506-DBF524CCF50FIMG_2034-768x1024.jpg 768w, https:\/\/galerielecolibri.fr\/wp-content\/uploads\/2024\/02\/41F0BE52-1BB6-4201-A506-DBF524CCF50FIMG_2034-225x300.jpg 225w, https:\/\/galerielecolibri.fr\/wp-content\/uploads\/2024\/02\/41F0BE52-1BB6-4201-A506-DBF524CCF50FIMG_2034-1152x1536.jpg 1152w, https:\/\/galerielecolibri.fr\/wp-content\/uploads\/2024\/02\/41F0BE52-1BB6-4201-A506-DBF524CCF50FIMG_2034-1536x2048.jpg 1536w, https:\/\/galerielecolibri.fr\/wp-content\/uploads\/2024\/02\/41F0BE52-1BB6-4201-A506-DBF524CCF50FIMG_2034-900x1200.jpg 900w, https:\/\/galerielecolibri.fr\/wp-content\/uploads\/2024\/02\/41F0BE52-1BB6-4201-A506-DBF524CCF50FIMG_2034-500x667.jpg 500w, https:\/\/galerielecolibri.fr\/wp-content\/uploads\/2024\/02\/41F0BE52-1BB6-4201-A506-DBF524CCF50FIMG_2034-scaled.jpg 1920w\" sizes=\"auto, (max-width: 768px) 100vw, 768px\" \/><figcaption class=\"wp-element-caption\">Petite t\u00eate de ch\u00e8vre en raku, 22\/12\/6<\/figcaption><\/figure>\n\n\n\n<figure class=\"wp-block-image size-large\"><img loading=\"lazy\" decoding=\"async\" width=\"842\" height=\"1024\" data-id=\"2611\" src=\"https:\/\/galerielecolibri.fr\/wp-content\/uploads\/2024\/02\/6B809597-7382-4A2D-A1B8-6C806D830C9CIMG_2054-842x1024.jpg\" alt=\"\" class=\"wp-image-2611\" srcset=\"https:\/\/galerielecolibri.fr\/wp-content\/uploads\/2024\/02\/6B809597-7382-4A2D-A1B8-6C806D830C9CIMG_2054-842x1024.jpg 842w, https:\/\/galerielecolibri.fr\/wp-content\/uploads\/2024\/02\/6B809597-7382-4A2D-A1B8-6C806D830C9CIMG_2054-247x300.jpg 247w, https:\/\/galerielecolibri.fr\/wp-content\/uploads\/2024\/02\/6B809597-7382-4A2D-A1B8-6C806D830C9CIMG_2054-768x934.jpg 768w, https:\/\/galerielecolibri.fr\/wp-content\/uploads\/2024\/02\/6B809597-7382-4A2D-A1B8-6C806D830C9CIMG_2054-1264x1536.jpg 1264w, https:\/\/galerielecolibri.fr\/wp-content\/uploads\/2024\/02\/6B809597-7382-4A2D-A1B8-6C806D830C9CIMG_2054-1685x2048.jpg 1685w, https:\/\/galerielecolibri.fr\/wp-content\/uploads\/2024\/02\/6B809597-7382-4A2D-A1B8-6C806D830C9CIMG_2054-900x1094.jpg 900w, https:\/\/galerielecolibri.fr\/wp-content\/uploads\/2024\/02\/6B809597-7382-4A2D-A1B8-6C806D830C9CIMG_2054-500x608.jpg 500w\" sizes=\"auto, (max-width: 842px) 100vw, 842px\" \/><\/figure>\n\n\n\n<figure class=\"wp-block-image size-large\"><img loading=\"lazy\" decoding=\"async\" width=\"768\" height=\"1024\" data-id=\"2609\" src=\"https:\/\/galerielecolibri.fr\/wp-content\/uploads\/2024\/02\/219CBF20-1AFE-4448-B91C-F956FE429D91IMG_2035-768x1024.jpg\" alt=\"\" class=\"wp-image-2609\" srcset=\"https:\/\/galerielecolibri.fr\/wp-content\/uploads\/2024\/02\/219CBF20-1AFE-4448-B91C-F956FE429D91IMG_2035-768x1024.jpg 768w, https:\/\/galerielecolibri.fr\/wp-content\/uploads\/2024\/02\/219CBF20-1AFE-4448-B91C-F956FE429D91IMG_2035-225x300.jpg 225w, https:\/\/galerielecolibri.fr\/wp-content\/uploads\/2024\/02\/219CBF20-1AFE-4448-B91C-F956FE429D91IMG_2035-1152x1536.jpg 1152w, https:\/\/galerielecolibri.fr\/wp-content\/uploads\/2024\/02\/219CBF20-1AFE-4448-B91C-F956FE429D91IMG_2035-1536x2048.jpg 1536w, https:\/\/galerielecolibri.fr\/wp-content\/uploads\/2024\/02\/219CBF20-1AFE-4448-B91C-F956FE429D91IMG_2035-900x1200.jpg 900w, https:\/\/galerielecolibri.fr\/wp-content\/uploads\/2024\/02\/219CBF20-1AFE-4448-B91C-F956FE429D91IMG_2035-500x667.jpg 500w, https:\/\/galerielecolibri.fr\/wp-content\/uploads\/2024\/02\/219CBF20-1AFE-4448-B91C-F956FE429D91IMG_2035-scaled.jpg 1920w\" sizes=\"auto, (max-width: 768px) 100vw, 768px\" \/><\/figure>\n<\/figure>\n\n\n\n<figure class=\"wp-block-gallery has-nested-images columns-default is-cropped wp-block-gallery-2 is-layout-flex wp-block-gallery-is-layout-flex\">\n<figure class=\"wp-block-image size-large\"><img loading=\"lazy\" decoding=\"async\" width=\"899\" height=\"1024\" data-id=\"2608\" src=\"https:\/\/galerielecolibri.fr\/wp-content\/uploads\/2024\/02\/IMG_2091-899x1024.jpg\" alt=\"\" class=\"wp-image-2608\" srcset=\"https:\/\/galerielecolibri.fr\/wp-content\/uploads\/2024\/02\/IMG_2091-899x1024.jpg 899w, https:\/\/galerielecolibri.fr\/wp-content\/uploads\/2024\/02\/IMG_2091-264x300.jpg 264w, https:\/\/galerielecolibri.fr\/wp-content\/uploads\/2024\/02\/IMG_2091-768x874.jpg 768w, https:\/\/galerielecolibri.fr\/wp-content\/uploads\/2024\/02\/IMG_2091-1349x1536.jpg 1349w, https:\/\/galerielecolibri.fr\/wp-content\/uploads\/2024\/02\/IMG_2091-1799x2048.jpg 1799w, https:\/\/galerielecolibri.fr\/wp-content\/uploads\/2024\/02\/IMG_2091-900x1025.jpg 900w, https:\/\/galerielecolibri.fr\/wp-content\/uploads\/2024\/02\/IMG_2091-500x569.jpg 500w\" sizes=\"auto, (max-width: 899px) 100vw, 899px\" \/><figcaption class=\"wp-element-caption\">Ch\u00e8vre en raku, 26\/8,5\/16<\/figcaption><\/figure>\n\n\n\n<figure class=\"wp-block-image size-large\"><img loading=\"lazy\" decoding=\"async\" width=\"920\" height=\"1024\" data-id=\"2607\" src=\"https:\/\/galerielecolibri.fr\/wp-content\/uploads\/2024\/02\/IMG_2092-920x1024.jpg\" alt=\"\" class=\"wp-image-2607\" srcset=\"https:\/\/galerielecolibri.fr\/wp-content\/uploads\/2024\/02\/IMG_2092-920x1024.jpg 920w, https:\/\/galerielecolibri.fr\/wp-content\/uploads\/2024\/02\/IMG_2092-270x300.jpg 270w, https:\/\/galerielecolibri.fr\/wp-content\/uploads\/2024\/02\/IMG_2092-768x855.jpg 768w, https:\/\/galerielecolibri.fr\/wp-content\/uploads\/2024\/02\/IMG_2092-1380x1536.jpg 1380w, https:\/\/galerielecolibri.fr\/wp-content\/uploads\/2024\/02\/IMG_2092-1841x2048.jpg 1841w, https:\/\/galerielecolibri.fr\/wp-content\/uploads\/2024\/02\/IMG_2092-900x1001.jpg 900w, https:\/\/galerielecolibri.fr\/wp-content\/uploads\/2024\/02\/IMG_2092-500x556.jpg 500w\" sizes=\"auto, (max-width: 920px) 100vw, 920px\" \/><figcaption class=\"wp-element-caption\">Ch\u00e8vre en raku, 25\/9\/16,5, 380\u20ac<\/figcaption><\/figure>\n<\/figure>\n\n\n\n<figure class=\"wp-block-gallery has-nested-images columns-default is-cropped wp-block-gallery-3 is-layout-flex wp-block-gallery-is-layout-flex\">\n<figure class=\"wp-block-image size-large\"><img loading=\"lazy\" decoding=\"async\" width=\"853\" height=\"1024\" data-id=\"2606\" src=\"https:\/\/galerielecolibri.fr\/wp-content\/uploads\/2024\/02\/IMG_2093-853x1024.jpg\" alt=\"\" class=\"wp-image-2606\" srcset=\"https:\/\/galerielecolibri.fr\/wp-content\/uploads\/2024\/02\/IMG_2093-853x1024.jpg 853w, https:\/\/galerielecolibri.fr\/wp-content\/uploads\/2024\/02\/IMG_2093-250x300.jpg 250w, https:\/\/galerielecolibri.fr\/wp-content\/uploads\/2024\/02\/IMG_2093-768x922.jpg 768w, https:\/\/galerielecolibri.fr\/wp-content\/uploads\/2024\/02\/IMG_2093-1279x1536.jpg 1279w, https:\/\/galerielecolibri.fr\/wp-content\/uploads\/2024\/02\/IMG_2093-1706x2048.jpg 1706w, https:\/\/galerielecolibri.fr\/wp-content\/uploads\/2024\/02\/IMG_2093-900x1081.jpg 900w, https:\/\/galerielecolibri.fr\/wp-content\/uploads\/2024\/02\/IMG_2093-500x600.jpg 500w\" sizes=\"auto, (max-width: 853px) 100vw, 853px\" \/><figcaption class=\"wp-element-caption\">Grande t\u00eate de ch\u00e8vre en raku, 24\/15\/6<\/figcaption><\/figure>\n\n\n\n<figure class=\"wp-block-image size-large\"><img loading=\"lazy\" decoding=\"async\" width=\"883\" height=\"1024\" data-id=\"2604\" src=\"https:\/\/galerielecolibri.fr\/wp-content\/uploads\/2024\/02\/IMG_2096-883x1024.jpg\" alt=\"\" class=\"wp-image-2604\" srcset=\"https:\/\/galerielecolibri.fr\/wp-content\/uploads\/2024\/02\/IMG_2096-883x1024.jpg 883w, https:\/\/galerielecolibri.fr\/wp-content\/uploads\/2024\/02\/IMG_2096-259x300.jpg 259w, https:\/\/galerielecolibri.fr\/wp-content\/uploads\/2024\/02\/IMG_2096-768x891.jpg 768w, https:\/\/galerielecolibri.fr\/wp-content\/uploads\/2024\/02\/IMG_2096-1324x1536.jpg 1324w, https:\/\/galerielecolibri.fr\/wp-content\/uploads\/2024\/02\/IMG_2096-1765x2048.jpg 1765w, https:\/\/galerielecolibri.fr\/wp-content\/uploads\/2024\/02\/IMG_2096-900x1044.jpg 900w, https:\/\/galerielecolibri.fr\/wp-content\/uploads\/2024\/02\/IMG_2096-500x580.jpg 500w, https:\/\/galerielecolibri.fr\/wp-content\/uploads\/2024\/02\/IMG_2096.jpg 1834w\" sizes=\"auto, (max-width: 883px) 100vw, 883px\" \/><\/figure>\n<\/figure>\n\n\n\n<figure class=\"wp-block-gallery has-nested-images columns-default is-cropped wp-block-gallery-4 is-layout-flex wp-block-gallery-is-layout-flex\">\n<figure class=\"wp-block-image size-large\"><img loading=\"lazy\" decoding=\"async\" width=\"739\" height=\"1024\" data-id=\"1364\" src=\"https:\/\/galerielecolibri.fr\/wp-content\/uploads\/2023\/04\/IMG-5551-739x1024.jpg\" alt=\"\" class=\"wp-image-1364\" srcset=\"https:\/\/galerielecolibri.fr\/wp-content\/uploads\/2023\/04\/IMG-5551-739x1024.jpg 739w, https:\/\/galerielecolibri.fr\/wp-content\/uploads\/2023\/04\/IMG-5551-217x300.jpg 217w, https:\/\/galerielecolibri.fr\/wp-content\/uploads\/2023\/04\/IMG-5551-768x1063.jpg 768w, https:\/\/galerielecolibri.fr\/wp-content\/uploads\/2023\/04\/IMG-5551-1109x1536.jpg 1109w, https:\/\/galerielecolibri.fr\/wp-content\/uploads\/2023\/04\/IMG-5551-1479x2048.jpg 1479w, https:\/\/galerielecolibri.fr\/wp-content\/uploads\/2023\/04\/IMG-5551-900x1246.jpg 900w, https:\/\/galerielecolibri.fr\/wp-content\/uploads\/2023\/04\/IMG-5551-500x692.jpg 500w, https:\/\/galerielecolibri.fr\/wp-content\/uploads\/2023\/04\/IMG-5551-scaled.jpg 1849w\" sizes=\"auto, (max-width: 739px) 100vw, 739px\" \/><figcaption class=\"wp-element-caption\">Amour et s\u00e9r\u00e9nit\u00e9 47\/9\/18<br>Vase raku vendu<\/figcaption><\/figure>\n\n\n\n<figure class=\"wp-block-image size-large\"><img loading=\"lazy\" decoding=\"async\" width=\"713\" height=\"1024\" data-id=\"1365\" src=\"https:\/\/galerielecolibri.fr\/wp-content\/uploads\/2023\/04\/IMG-5541-713x1024.jpg\" alt=\"\" class=\"wp-image-1365\" srcset=\"https:\/\/galerielecolibri.fr\/wp-content\/uploads\/2023\/04\/IMG-5541-713x1024.jpg 713w, https:\/\/galerielecolibri.fr\/wp-content\/uploads\/2023\/04\/IMG-5541-209x300.jpg 209w, https:\/\/galerielecolibri.fr\/wp-content\/uploads\/2023\/04\/IMG-5541-768x1102.jpg 768w, https:\/\/galerielecolibri.fr\/wp-content\/uploads\/2023\/04\/IMG-5541-1070x1536.jpg 1070w, https:\/\/galerielecolibri.fr\/wp-content\/uploads\/2023\/04\/IMG-5541-1427x2048.jpg 1427w, https:\/\/galerielecolibri.fr\/wp-content\/uploads\/2023\/04\/IMG-5541-900x1292.jpg 900w, https:\/\/galerielecolibri.fr\/wp-content\/uploads\/2023\/04\/IMG-5541-500x718.jpg 500w, https:\/\/galerielecolibri.fr\/wp-content\/uploads\/2023\/04\/IMG-5541-scaled.jpg 1783w\" sizes=\"auto, (max-width: 713px) 100vw, 713px\" \/><figcaption class=\"wp-element-caption\">Amour et s\u00e9r\u00e9nit\u00e9 48\/10\/19 <br>Vase raku vendu<\/figcaption><\/figure>\n<\/figure>\n\n\n\n<figure class=\"wp-block-gallery has-nested-images columns-default is-cropped wp-block-gallery-5 is-layout-flex wp-block-gallery-is-layout-flex\">\n<figure class=\"wp-block-image size-large\"><img loading=\"lazy\" decoding=\"async\" width=\"887\" height=\"1024\" data-id=\"1367\" src=\"https:\/\/galerielecolibri.fr\/wp-content\/uploads\/2023\/04\/IMG-5560-887x1024.jpg\" alt=\"\" class=\"wp-image-1367\" srcset=\"https:\/\/galerielecolibri.fr\/wp-content\/uploads\/2023\/04\/IMG-5560-887x1024.jpg 887w, https:\/\/galerielecolibri.fr\/wp-content\/uploads\/2023\/04\/IMG-5560-260x300.jpg 260w, https:\/\/galerielecolibri.fr\/wp-content\/uploads\/2023\/04\/IMG-5560-768x887.jpg 768w, https:\/\/galerielecolibri.fr\/wp-content\/uploads\/2023\/04\/IMG-5560-1331x1536.jpg 1331w, https:\/\/galerielecolibri.fr\/wp-content\/uploads\/2023\/04\/IMG-5560-1774x2048.jpg 1774w, https:\/\/galerielecolibri.fr\/wp-content\/uploads\/2023\/04\/IMG-5560-900x1039.jpg 900w, https:\/\/galerielecolibri.fr\/wp-content\/uploads\/2023\/04\/IMG-5560-500x577.jpg 500w, https:\/\/galerielecolibri.fr\/wp-content\/uploads\/2023\/04\/IMG-5560.jpg 1976w\" sizes=\"auto, (max-width: 887px) 100vw, 887px\" \/><figcaption class=\"wp-element-caption\">T\u00eate de ch\u00e8vre \u00e0 suspendre 20\/17\/6 Raku vendu<\/figcaption><\/figure>\n\n\n\n<figure class=\"wp-block-image size-large\"><img loading=\"lazy\" decoding=\"async\" width=\"789\" height=\"1024\" data-id=\"781\" src=\"https:\/\/galerielecolibri.fr\/wp-content\/uploads\/2022\/12\/IMG_3807-789x1024.jpg\" alt=\"\" class=\"wp-image-781\" srcset=\"https:\/\/galerielecolibri.fr\/wp-content\/uploads\/2022\/12\/IMG_3807-789x1024.jpg 789w, https:\/\/galerielecolibri.fr\/wp-content\/uploads\/2022\/12\/IMG_3807-231x300.jpg 231w, https:\/\/galerielecolibri.fr\/wp-content\/uploads\/2022\/12\/IMG_3807-768x997.jpg 768w, https:\/\/galerielecolibri.fr\/wp-content\/uploads\/2022\/12\/IMG_3807-1183x1536.jpg 1183w, https:\/\/galerielecolibri.fr\/wp-content\/uploads\/2022\/12\/IMG_3807-1578x2048.jpg 1578w, https:\/\/galerielecolibri.fr\/wp-content\/uploads\/2022\/12\/IMG_3807-900x1168.jpg 900w, https:\/\/galerielecolibri.fr\/wp-content\/uploads\/2022\/12\/IMG_3807-500x649.jpg 500w, https:\/\/galerielecolibri.fr\/wp-content\/uploads\/2022\/12\/IMG_3807-scaled.jpg 1972w\" sizes=\"auto, (max-width: 789px) 100vw, 789px\" \/><figcaption class=\"wp-element-caption\">Masque, terre cuite emaill\u00e9e, 25\/18\/9 \u00e0 suspendre Vendu<\/figcaption><\/figure>\n\n\n\n<figure class=\"wp-block-image size-large\"><img loading=\"lazy\" decoding=\"async\" width=\"800\" height=\"1024\" data-id=\"1368\" src=\"https:\/\/galerielecolibri.fr\/wp-content\/uploads\/2023\/04\/IMG-5555-800x1024.jpg\" alt=\"\" class=\"wp-image-1368\" srcset=\"https:\/\/galerielecolibri.fr\/wp-content\/uploads\/2023\/04\/IMG-5555-800x1024.jpg 800w, https:\/\/galerielecolibri.fr\/wp-content\/uploads\/2023\/04\/IMG-5555-234x300.jpg 234w, https:\/\/galerielecolibri.fr\/wp-content\/uploads\/2023\/04\/IMG-5555-768x983.jpg 768w, https:\/\/galerielecolibri.fr\/wp-content\/uploads\/2023\/04\/IMG-5555-1200x1536.jpg 1200w, https:\/\/galerielecolibri.fr\/wp-content\/uploads\/2023\/04\/IMG-5555-1600x2048.jpg 1600w, https:\/\/galerielecolibri.fr\/wp-content\/uploads\/2023\/04\/IMG-5555-900x1152.jpg 900w, https:\/\/galerielecolibri.fr\/wp-content\/uploads\/2023\/04\/IMG-5555-500x640.jpg 500w, https:\/\/galerielecolibri.fr\/wp-content\/uploads\/2023\/04\/IMG-5555-scaled.jpg 2000w\" sizes=\"auto, (max-width: 800px) 100vw, 800px\" \/><figcaption class=\"wp-element-caption\">T\u00eate de ch\u00e8vre \u00e0 suspendre 14\/21\/6 Raku vendu<\/figcaption><\/figure>\n<\/figure>\n\n\n\n<figure class=\"wp-block-gallery has-nested-images columns-default is-cropped wp-block-gallery-6 is-layout-flex wp-block-gallery-is-layout-flex\"><\/figure>\n\n\n\n<figure class=\"wp-block-gallery has-nested-images columns-default is-cropped wp-block-gallery-7 is-layout-flex wp-block-gallery-is-layout-flex\">\n<figure class=\"wp-block-image size-large\"><img loading=\"lazy\" decoding=\"async\" width=\"989\" height=\"1024\" data-id=\"1369\" src=\"https:\/\/galerielecolibri.fr\/wp-content\/uploads\/2023\/04\/IMG_4121-989x1024.jpg\" alt=\"\" class=\"wp-image-1369\" srcset=\"https:\/\/galerielecolibri.fr\/wp-content\/uploads\/2023\/04\/IMG_4121-989x1024.jpg 989w, https:\/\/galerielecolibri.fr\/wp-content\/uploads\/2023\/04\/IMG_4121-290x300.jpg 290w, https:\/\/galerielecolibri.fr\/wp-content\/uploads\/2023\/04\/IMG_4121-768x795.jpg 768w, https:\/\/galerielecolibri.fr\/wp-content\/uploads\/2023\/04\/IMG_4121-1484x1536.jpg 1484w, https:\/\/galerielecolibri.fr\/wp-content\/uploads\/2023\/04\/IMG_4121-1979x2048.jpg 1979w, https:\/\/galerielecolibri.fr\/wp-content\/uploads\/2023\/04\/IMG_4121-900x932.jpg 900w, https:\/\/galerielecolibri.fr\/wp-content\/uploads\/2023\/04\/IMG_4121-500x518.jpg 500w\" sizes=\"auto, (max-width: 989px) 100vw, 989px\" \/><figcaption class=\"wp-element-caption\">L&rsquo;\u00e2ne, raku, 23\/15\/7: vendu<\/figcaption><\/figure>\n\n\n\n<figure class=\"wp-block-image size-large\"><img loading=\"lazy\" decoding=\"async\" width=\"850\" height=\"1024\" data-id=\"1370\" src=\"https:\/\/galerielecolibri.fr\/wp-content\/uploads\/2023\/04\/IMG_4120-850x1024.jpg\" alt=\"\" class=\"wp-image-1370\" srcset=\"https:\/\/galerielecolibri.fr\/wp-content\/uploads\/2023\/04\/IMG_4120-850x1024.jpg 850w, https:\/\/galerielecolibri.fr\/wp-content\/uploads\/2023\/04\/IMG_4120-249x300.jpg 249w, https:\/\/galerielecolibri.fr\/wp-content\/uploads\/2023\/04\/IMG_4120-768x925.jpg 768w, https:\/\/galerielecolibri.fr\/wp-content\/uploads\/2023\/04\/IMG_4120-1275x1536.jpg 1275w, https:\/\/galerielecolibri.fr\/wp-content\/uploads\/2023\/04\/IMG_4120-1700x2048.jpg 1700w, https:\/\/galerielecolibri.fr\/wp-content\/uploads\/2023\/04\/IMG_4120-900x1085.jpg 900w, https:\/\/galerielecolibri.fr\/wp-content\/uploads\/2023\/04\/IMG_4120-500x603.jpg 500w\" sizes=\"auto, (max-width: 850px) 100vw, 850px\" \/><figcaption class=\"wp-element-caption\">Le bouc, raku, 24\/23\/8: vendu<\/figcaption><\/figure>\n<\/figure>\n\n\n\n<figure class=\"wp-block-gallery has-nested-images columns-default is-cropped wp-block-gallery-8 is-layout-flex wp-block-gallery-is-layout-flex\">\n<figure class=\"wp-block-image size-large\"><img loading=\"lazy\" decoding=\"async\" width=\"986\" height=\"1024\" data-id=\"1371\" src=\"https:\/\/galerielecolibri.fr\/wp-content\/uploads\/2023\/04\/IMG_4122-986x1024.jpg\" alt=\"\" class=\"wp-image-1371\" srcset=\"https:\/\/galerielecolibri.fr\/wp-content\/uploads\/2023\/04\/IMG_4122-986x1024.jpg 986w, https:\/\/galerielecolibri.fr\/wp-content\/uploads\/2023\/04\/IMG_4122-289x300.jpg 289w, https:\/\/galerielecolibri.fr\/wp-content\/uploads\/2023\/04\/IMG_4122-768x797.jpg 768w, https:\/\/galerielecolibri.fr\/wp-content\/uploads\/2023\/04\/IMG_4122-1480x1536.jpg 1480w, https:\/\/galerielecolibri.fr\/wp-content\/uploads\/2023\/04\/IMG_4122-1973x2048.jpg 1973w, https:\/\/galerielecolibri.fr\/wp-content\/uploads\/2023\/04\/IMG_4122-900x934.jpg 900w, https:\/\/galerielecolibri.fr\/wp-content\/uploads\/2023\/04\/IMG_4122-500x519.jpg 500w\" sizes=\"auto, (max-width: 986px) 100vw, 986px\" \/><figcaption class=\"wp-element-caption\">Poisson 18\/5: vendu<\/figcaption><\/figure>\n\n\n\n<figure class=\"wp-block-image size-large\"><img loading=\"lazy\" decoding=\"async\" width=\"989\" height=\"1024\" data-id=\"1372\" src=\"https:\/\/galerielecolibri.fr\/wp-content\/uploads\/2023\/04\/IMG_4125-989x1024.jpg\" alt=\"\" class=\"wp-image-1372\" srcset=\"https:\/\/galerielecolibri.fr\/wp-content\/uploads\/2023\/04\/IMG_4125-989x1024.jpg 989w, https:\/\/galerielecolibri.fr\/wp-content\/uploads\/2023\/04\/IMG_4125-290x300.jpg 290w, https:\/\/galerielecolibri.fr\/wp-content\/uploads\/2023\/04\/IMG_4125-768x795.jpg 768w, https:\/\/galerielecolibri.fr\/wp-content\/uploads\/2023\/04\/IMG_4125-1484x1536.jpg 1484w, https:\/\/galerielecolibri.fr\/wp-content\/uploads\/2023\/04\/IMG_4125-1979x2048.jpg 1979w, https:\/\/galerielecolibri.fr\/wp-content\/uploads\/2023\/04\/IMG_4125-900x932.jpg 900w, https:\/\/galerielecolibri.fr\/wp-content\/uploads\/2023\/04\/IMG_4125-500x518.jpg 500w\" sizes=\"auto, (max-width: 989px) 100vw, 989px\" \/><figcaption class=\"wp-element-caption\">Poisson avec personnage 20\/5\/12: vendu<\/figcaption><\/figure>\n\n\n\n<figure class=\"wp-block-image size-large\"><img loading=\"lazy\" decoding=\"async\" width=\"1024\" height=\"936\" data-id=\"1373\" src=\"https:\/\/galerielecolibri.fr\/wp-content\/uploads\/2023\/04\/IMG_4123-1024x936.jpg\" alt=\"\" class=\"wp-image-1373\" srcset=\"https:\/\/galerielecolibri.fr\/wp-content\/uploads\/2023\/04\/IMG_4123-1024x936.jpg 1024w, https:\/\/galerielecolibri.fr\/wp-content\/uploads\/2023\/04\/IMG_4123-300x274.jpg 300w, https:\/\/galerielecolibri.fr\/wp-content\/uploads\/2023\/04\/IMG_4123-768x702.jpg 768w, https:\/\/galerielecolibri.fr\/wp-content\/uploads\/2023\/04\/IMG_4123-1536x1403.jpg 1536w, https:\/\/galerielecolibri.fr\/wp-content\/uploads\/2023\/04\/IMG_4123-2048x1871.jpg 2048w, https:\/\/galerielecolibri.fr\/wp-content\/uploads\/2023\/04\/IMG_4123-900x822.jpg 900w, https:\/\/galerielecolibri.fr\/wp-content\/uploads\/2023\/04\/IMG_4123-500x457.jpg 500w\" sizes=\"auto, (max-width: 1024px) 100vw, 1024px\" \/><figcaption class=\"wp-element-caption\">Poisson 19\/6:  vendu<\/figcaption><\/figure>\n<\/figure>\n\n\n\n<figure class=\"wp-block-gallery has-nested-images columns-default is-cropped wp-block-gallery-9 is-layout-flex wp-block-gallery-is-layout-flex\">\n<figure class=\"wp-block-image size-large\"><img loading=\"lazy\" decoding=\"async\" width=\"768\" height=\"1024\" data-id=\"785\" src=\"https:\/\/galerielecolibri.fr\/wp-content\/uploads\/2022\/12\/IMG_4127-768x1024.jpeg\" alt=\"\" class=\"wp-image-785\" srcset=\"https:\/\/galerielecolibri.fr\/wp-content\/uploads\/2022\/12\/IMG_4127-768x1024.jpeg 768w, https:\/\/galerielecolibri.fr\/wp-content\/uploads\/2022\/12\/IMG_4127-225x300.jpeg 225w, https:\/\/galerielecolibri.fr\/wp-content\/uploads\/2022\/12\/IMG_4127-1152x1536.jpeg 1152w, https:\/\/galerielecolibri.fr\/wp-content\/uploads\/2022\/12\/IMG_4127-1536x2048.jpeg 1536w, https:\/\/galerielecolibri.fr\/wp-content\/uploads\/2022\/12\/IMG_4127-900x1200.jpeg 900w, https:\/\/galerielecolibri.fr\/wp-content\/uploads\/2022\/12\/IMG_4127-500x667.jpeg 500w, https:\/\/galerielecolibri.fr\/wp-content\/uploads\/2022\/12\/IMG_4127-scaled.jpeg 1920w\" sizes=\"auto, (max-width: 768px) 100vw, 768px\" \/><figcaption class=\"wp-element-caption\">t\u00eate de ch\u00e8vre, 20\/14  (vendue)<\/figcaption><\/figure>\n\n\n\n<figure class=\"wp-block-image size-large\"><img loading=\"lazy\" decoding=\"async\" width=\"768\" height=\"1024\" data-id=\"740\" src=\"https:\/\/galerielecolibri.fr\/wp-content\/uploads\/2022\/12\/IMG_3798-768x1024.jpg\" alt=\"\" class=\"wp-image-740\" srcset=\"https:\/\/galerielecolibri.fr\/wp-content\/uploads\/2022\/12\/IMG_3798-768x1024.jpg 768w, https:\/\/galerielecolibri.fr\/wp-content\/uploads\/2022\/12\/IMG_3798-225x300.jpg 225w, https:\/\/galerielecolibri.fr\/wp-content\/uploads\/2022\/12\/IMG_3798-1152x1536.jpg 1152w, https:\/\/galerielecolibri.fr\/wp-content\/uploads\/2022\/12\/IMG_3798-1536x2048.jpg 1536w, https:\/\/galerielecolibri.fr\/wp-content\/uploads\/2022\/12\/IMG_3798-900x1200.jpg 900w, https:\/\/galerielecolibri.fr\/wp-content\/uploads\/2022\/12\/IMG_3798-500x667.jpg 500w, https:\/\/galerielecolibri.fr\/wp-content\/uploads\/2022\/12\/IMG_3798-scaled.jpg 1920w\" sizes=\"auto, (max-width: 768px) 100vw, 768px\" \/><figcaption class=\"wp-element-caption\">Amour et s\u00e9r\u00e9nit\u00e9 Vase raku Vendu<\/figcaption><\/figure>\n\n\n\n<figure class=\"wp-block-image size-large\"><img loading=\"lazy\" decoding=\"async\" width=\"804\" height=\"1024\" data-id=\"786\" src=\"https:\/\/galerielecolibri.fr\/wp-content\/uploads\/2022\/12\/IMG_4126-804x1024.jpeg\" alt=\"\" class=\"wp-image-786\" srcset=\"https:\/\/galerielecolibri.fr\/wp-content\/uploads\/2022\/12\/IMG_4126-804x1024.jpeg 804w, https:\/\/galerielecolibri.fr\/wp-content\/uploads\/2022\/12\/IMG_4126-236x300.jpeg 236w, https:\/\/galerielecolibri.fr\/wp-content\/uploads\/2022\/12\/IMG_4126-768x978.jpeg 768w, https:\/\/galerielecolibri.fr\/wp-content\/uploads\/2022\/12\/IMG_4126-1207x1536.jpeg 1207w, https:\/\/galerielecolibri.fr\/wp-content\/uploads\/2022\/12\/IMG_4126-1609x2048.jpeg 1609w, https:\/\/galerielecolibri.fr\/wp-content\/uploads\/2022\/12\/IMG_4126-900x1146.jpeg 900w, https:\/\/galerielecolibri.fr\/wp-content\/uploads\/2022\/12\/IMG_4126-500x636.jpeg 500w, https:\/\/galerielecolibri.fr\/wp-content\/uploads\/2022\/12\/IMG_4126-scaled.jpeg 2011w\" sizes=\"auto, (max-width: 804px) 100vw, 804px\" \/><figcaption class=\"wp-element-caption\">t\u00eate de ch\u00e8vre, 20\/14 (vendue)<\/figcaption><\/figure>\n<\/figure>\n","protected":false},"excerpt":{"rendered":"<p>C\u00e9ramiste native de l\u2019\u00eele de Naxos en Gr\u00e8ce, install\u00e9e depuis plusieurs ann\u00e9es \u00e0 Vallauris, la cit\u00e9 des potiers, elle \u00e9voque dans ses [&hellip;]<\/p>\n","protected":false},"author":1,"featured_media":0,"parent":0,"menu_order":0,"comment_status":"closed","ping_status":"closed","template":"","meta":{"footnotes":""},"class_list":{"0":"post-725","1":"page","2":"type-page","3":"status-publish","5":"col-md-12"},"_links":{"self":[{"href":"https:\/\/galerielecolibri.fr\/index.php?rest_route=\/wp\/v2\/pages\/725","targetHints":{"allow":["GET"]}}],"collection":[{"href":"https:\/\/galerielecolibri.fr\/index.php?rest_route=\/wp\/v2\/pages"}],"about":[{"href":"https:\/\/galerielecolibri.fr\/index.php?rest_route=\/wp\/v2\/types\/page"}],"author":[{"embeddable":true,"href":"https:\/\/galerielecolibri.fr\/index.php?rest_route=\/wp\/v2\/users\/1"}],"replies":[{"embeddable":true,"href":"https:\/\/galerielecolibri.fr\/index.php?rest_route=%2Fwp%2Fv2%2Fcomments&post=725"}],"version-history":[{"count":36,"href":"https:\/\/galerielecolibri.fr\/index.php?rest_route=\/wp\/v2\/pages\/725\/revisions"}],"predecessor-version":[{"id":3194,"href":"https:\/\/galerielecolibri.fr\/index.php?rest_route=\/wp\/v2\/pages\/725\/revisions\/3194"}],"wp:attachment":[{"href":"https:\/\/galerielecolibri.fr\/index.php?rest_route=%2Fwp%2Fv2%2Fmedia&parent=725"}],"curies":[{"name":"wp","href":"https:\/\/api.w.org\/{rel}","templated":true}]}}